**2 + 3*o + 4. Let h(s) = -s**3 - 14*s**2 + 5. Let p = -41 + 27. Let b be h(p). What is z(b)?
-6
Let g(w) be the second derivative of 0 - 3/2*w**3 - w**2 - 1/12*w**4 - 5*w. Determine g(-7).
12
Suppose 2*l + 4*x = -0*x + 10, -5*l = 5*x. Let i(v) = -7*v - 13. Suppose -2*y + 7*y - 15 = 0. Let d(a) = -4*a - 7. Let b(g) = y*i(g) - 5*d(g). What is b(l)?
1
Suppose 7*l - 58 = 5*l. Let u = l - 26. Let w(k) = k**2 - 2*k + 2. What is w(u)?
5
Let s(o) = -4*o**2 - 1. Let p(h) = -h**3 - 5*h**2 - 1. Let k be p(-5). Give s(k).
-5
Let m(u) = u**2 - 1. Let t = -3 - -2. Let r(h) = -2*h**2 + 4 + 0 + 0 + 4*h. Let w(j) = t*r(j) - 4*m(j). Determine w(-3).
-6
Let d(g) be the third derivative of -g**4/8 - g**3/6 + 2*g**2 + 30*g. Give d(-4).
11
Let o(t) = -t**3 + 2*t**2 + 3*t + 4. Let r be o(3). Let b(y) = 3*y + y**2 - 5*y + 4 + r*y. Let h(i) = i**2 + i. Let l(f) = b(f) - 2*h(f). Determine l(-3).
-5
Let x(w) = -15*w + 258. Let k be x(17). Let s(h) = -h**3 + 5*h**2 - 3*h + 4. Give s(k).
13
Let u(j) be the second derivative of -j**3/2 - 9*j**2/2 - 769*j. Determine u(12).
-45
Let i(g) = -g**2 + 7*g - 3. Let r = 19 + -13. Let x be i(r). Let f be (5/x)/((-5)/(-15)). Let u(m) = -m**3 + 4*m**2 + 4*m + 1. Determine u(f).
-4
Let s be 50/18 - (-46)/207. Let c(x) = -2116*x + 2114*x + 0 + 3*x**2 + 2 + 2*x**s. Calculate c(2).
26
Suppose -4*l - 15 = -9*l. Suppose 1 = -o - l. Let t(r) = r**3 + 5*r**2 + 6*r + 4. What is t(o)?
-4
Let g(c) = 3*c + 2. Let j = 824 + -823. Let v(s) = 1. Let o(r) = 4. Let t(b) = o(b) - 3*v(b). Let h(x) = j*g(x) + 2*t(x). Give h(-3).
-5
Let d(p) = -p**3 + 5*p**2 + p - 4. Let o(j) be the first derivative of -j**4/4 - 5*j**3/3 + 2*j**2 - 8*j + 6. Let x be o(-6). What is d(x)?
16
Let m(f) = 4*f**3 + 8*f**2 + 3*f - 2. Suppose 6*b - 33 = 17*b. Let p(r) = r**3 + r**2 - 1. Let j(u) = b*p(u) + m(u). Calculate j(-5).
-14
Let h(g) be the first derivative of g**4/4 + 4*g**3/3 + g**2/2 - 3*g - 3. Calculate h(-3).
3
Let w = -109 + 78. Let i = -23 - w. Let d(o) = -2*o + 7 + 3 - 1 - i. What is d(-5)?
11
Let z = -18 + -30. Let b = z + 41. Let h(x) = -x - 6. Calculate h(b).
1
Let i(w) be the first derivative of w**4/4 + w**3/3 - w + 1. Let h(l) = 1 + 2*l**2 + l**2 - 2*l**3 - 4 - 3*l**3 - 4*l. Let a(v) = h(v) + 4*i(v). Determine a(6).
5
Let c(w) = -5*w + 1. Let o(k) = -2 - 4*k**2 + 0*k + 3*k**2 + 7*k. Let u be o(7). Calculate c(u).
11
Let m(j) be the third derivative of j**6/120 - j**5/15 - j**4/12 - j**3/3 - 110*j**2 - 1. Calculate m(4).
-10
Suppose -3*f - 8 = -n, n - 3*n + 8 = -2*f. Suppose -3*y = 12, n*a - 3*y - 122 = -3*a. Let z be a/(-6) - (-11)/(-33). Let q(g) = g**2 + 3*g - 3. Calculate q(z).
1
Let i(b) be the third derivative of b**5/60 + 5*b**4/24 + 7*b**3/6 + 9*b**2. Let d be (-2)/(-12) + (-49)/42. Let v be -3 - (-2 - d)*-2. Give i(v).
7
Let n(l) = l**2 - 4*l + 2. Let i be -1*1 - (-8)/2. Suppose i*j - 10 = 2. What is n(j)?
2
Suppose 18*r - 22*r = -2*s - 20, 4*s + 3*r - 4 = 0. Let p(f) = 8*f**2 + 3*f + 5. What is p(s)?
31
Let g(z) = -11*z + 1. Let k(t) = -8*t + 1. Let r(n) = -4*g(n) + 5*k(n). Calculate r(-10).
-39
Let y(k) = k - 10. Suppose 5*b - 40 = b + 4*m, b = 5*m + 14. Calculate y(b).
-1
Let n(i) = -i**3 - 7*i**2 - 8*i - 7. Let h be ((-45)/6)/((-2)/4). Let u = 9 - h. Calculate n(u).
5
Let z(q) = q**3 - q**2 + q. Let i(y) = -3*y**3 - y**2 - 2*y + 2. Let m(p) = -i(p) - 4*z(p). Let r(u) = u + 14. Let s be r(12). Let v = s - 22. What is m(v)?
6
Let a(z) = -z**3 + 4*z**2 - 2*z + 2. Suppose 205 = 3*x + 196. Calculate a(x).
5
Let u(n) = n**3 - 4*n**2 - 3*n - 5. Let j be (-12)/(-10)*-5*2. Let o be (-1 - 8/j)*-6. Suppose o = -3*i + 17. Give u(i).
5
Let u(a) = -3*a. Suppose -3*b = -2*d + b + 26, -2*d = b - 6. Determine u(d).
-15
Let h(y) be the second derivative of -1/360*y**6 - y - 1/3*y**4 + 0 - 3/40*y**5 + 0*y**2 + 1/6*y**3. Let x(f) be the second derivative of h(f). Determine x(-6).
10
Let g(c) be the first derivative of -1/3*c**3 - 40 + 8*c + 2*c**2. Determine g(7).
-13
Let f(m) = m**3 - 12*m**2 + 13*m - 22. Let o = 258 - 247. Give f(o).
0
Let y(x) = 10*x**2 - 7*x - 4 + 3 + 6*x**2 - 15*x**2. Give y(7).
-1
Let f(b) = -2*b - 4. Suppose 0 = -24*t + 19*t - 45. Give f(t).
14
Let d(h) = -h**3 + 2*h**2 - 2. Let k be ((-3)/12 - -1)*(-11 + 15). Determine d(k).
-11
Let z = -4 + 4. Suppose -n - n = z. Let o(l) = l + n*l - 1 + 0. Determine o(0).
-1
Suppose -j = -5*k, 2 = 2*k + j + 9. Let n be (k/2 + 0)*-12. Suppose -r + 3*r - n = 0. Let a(q) = q**3 - 2*q**2 - 5*q + 2. What is a(r)?
-4
Let i(c) be the first derivative of 10*c**3/3 - c**2/2 - c - 1. Let f be (2 + (-5)/10)*20/(-30). What is i(f)?
10
Suppose 20*m - 12*m - 8 = 0. Let a(f) = f**2 - m - f + 0 - f + f. Calculate a(4).
11
Suppose -426*u = -425*u - 5. Let f(m) = 2*m - 5. Determine f(u).
5
Suppose -4*x + 2*x + 4 = 0, -4*x = -5*b + 272. Suppose b = -7*n - n. Let j(t) be the third derivative of -t**4/12 - t**3 + t**2. Calculate j(n).
8
Let m(s) be the first derivative of 5*s**2/2 - s - 1. Let t(p) = -p**3 + 37*p**2 - 269*p - 26. Let g be t(27). Calculate m(g).
4
Let w(y) = -11*y**2 - 10*y - 10. Let l(s) = 26*s**2 + 19*s + 21. Let d(h) = -3*l(h) - 7*w(h). Give d(12).
19
Let v(n) = n**3 - 2*n - 1. Let f = -448 + 450. Give v(f).
3
Let a = -30 - -35. Let r(s) = 6*s**2 - 2*s**2 - 3*s + 0 + a - s**3. Calculate r(4).
-7
Let k(f) be the first derivative of 1/4*f**4 + 54 - 3*f - 2/3*f**3 + 0*f**2. What is k(3)?
6
Suppose -4 = -15*q + 56. Let g(h) be the first derivative of -1/4*h**4 + q*h - 5/2*h**2 + 2 + 5/3*h**3. Calculate g(4).
0
Let z(j) = 16*j + 65. Suppose 7*b - 6963 + 6991 = 0. Give z(b).
1
Let i(k) = -16*k**2 - 3*k + 31. Let x(a) = -3*a**2 - a + 6. Let f(u) = -2*i(u) + 11*x(u). Give f(-7).
-10
Let o = -44 + 48. Suppose -5*g = 3*v - 6, 7*v = o*g + 2*v - 27. Let b(w) = w**2 - 5*w - 4. What is b(g)?
-10
Suppose -c - 7*c = -120. Let d be -4 - (c/(-3) + 4). Let z be (5/(-10))/(d/24). Let r(g) = 4*g - 2. Give r(z).
14
Let d(p) = -p**3 - 6*p**2 - 6*p - 3. Let j = -85 - -80. Determine d(j).
2
Let l(t) = t**3 - 8*t**2 + 11*t - 34. Let h be l(7). Let x(u) = u**2 + 8*u + 7. What is x(h)?
-5
Suppose 0 = -z - 4*z + 60. Let b = z - 10. Let s(u) = b - 6 + 0 + u - 2. Give s(4).
-2
Suppose 0 = p - 1, 5*w + 7 = 2*p - 5. Let v be w/(-1) + -4 - 2. Let f(b) = -10*b + 14*b - b + 5*b**2 - 4*b**2. Determine f(v).
4
Let z(n) be the second derivative of -n**4/12 + 2*n**3/3 - n**2/2 - 2*n + 83. Suppose 5*j - 34 = 16. Suppose -2*d + 0*d = -j. Determine z(d).
-6
Let w(a) = -a - 8. Suppose 2*i - 3*q + 115 - 23 = 0, -4*i + 3*q = 172. Let b = i - -24. Let m = b - -9. Determine w(m).
-1
Suppose -2*m + 2*b = -2, 0*m + 10 = m + 2*b. Let x(p) = m + 3*p + 0*p - 3*p + p. Calculate x(-5).
-1
Let j(p) be the first derivative of -5*p**4/4 + 2*p**3/3 - p**2/2 - 3. Let w be 16/20 - (-1)/5. Let i = 2 - w. Give j(i).
-4
Let l(p) = 2*p**2 + 18*p + 19. Let i be l(-8). Let k(j) = 8*j**2 - 43*j**i + 0 - 5 + 42*j**3 + 2*j. Calculate k(8).
11
Suppose 0 = -5*y + d + 17, 3*d = -2*d - 10. Let w(v) = -3414*v**y + 3413*v**3 + 5 - v**2 + 2*v**2. Calculate w(0).
5
Suppose 2*n - 19 = -7. Let l(z) = -7*z. Let c(v) = -v. Let d(g) = n*c(g) - l(g). Calculate d(0).
0
Let a(p) = -9*p - 17. Let c be a(-5). Let k = 21 - c. Let o(r) = -r**2 - 6*r - 5. Calculate o(k).
-12
Let a(g) be the second derivative of -g**5/20 + g**4/4 + 10*g**3/3 - 19*g**2/2 + 171*g. Determine a(6).
-7
Suppose -20 = 62*t - 58*t - 4*u, -2*u + 6 = 2*t. Let g(x) = 2*x + 2*x - 4 + 3. What is g(t)?
-5
Let j(i) = 3*i**2 - i**3 + 11 - 11 + 2. Let u be j(3). Let g(k) = 0 - 2 + 3 - k**3 + k. Determine g(u).
-5
Let o(f) = 5*f - 3. Let h = 25 - 23. Determine o(h).
7
Let y(q) be the third derivative of q**7/840 + q**6/120 - q**4/24 + q**3/2 + 28*q**2. Let v(a) be the first derivative of y(a). Calculate v(-2).
3
Let x(z) be the first derivative of -z**3/3 + 5*z**2/2 - 5*z - 1703. Suppose 2*w - 7*w + 25 = 0. Calculate x(w).
-5
Suppose 0 = 5*x + 6*x - 3*x. Let b(o) = 2 + x - o**3 + 2*o - 3*o + o**2. Give b(0).
2
Let g(x) be the third derivative of x**6/120 + x**5/15 + x**4/6 + x**3/2 + 8*x**2 - 3. What is g(-2)?
3
Let l(p) be the second derivative of -p**5/20 + p**4/2 + 4*p**3/3 - 4*p**2 - 62*p. Calculate l(7).
-1
Let d(g) = -g**2 + 3*g + 5. Let n be d(0). Let a(s) = -s**2 - s - 3. Give a(n).
-33
Suppose 0 = s - 0 - 5. Let m(t) 